{"id":44,"date":"2020-12-26T17:40:54","date_gmt":"2020-12-26T16:40:54","guid":{"rendered":"http:\/\/www.sabrinacenergie.com\/?page_id=44"},"modified":"2020-12-26T18:44:49","modified_gmt":"2020-12-26T17:44:49","slug":"blog","status":"publish","type":"page","link":"https:\/\/www.sabrinacenergie.com\/index.php\/blog\/","title":{"rendered":"Blog"},"content":{"rendered":"\r\n\t\t<div class=\"bdp-post-grid-main bdp-design-1 bdpgrid-1 bdp-clearfix\">\t\t\t\r\n\t\t\t<div class=\"bdp-post-grid  bdp-medium-12 bdp-columns \">\t\t\r\n\t<div class=\"bdp-post-grid-content bdp-no-thumb-image\">\r\n\t\t\t\t<div class=\"bdp-post-categories\">\r\n\t\t\t<a href=\"https:\/\/www.sabrinacenergie.com\/index.php\/category\/activites\/\">Activit\u00e9s<\/a> <a href=\"https:\/\/www.sabrinacenergie.com\/index.php\/category\/activites\/atelier\/\">Atelier<\/a>\t\t<\/div>\r\n\t\t\r\n\t\t<h2 class=\"bdp-post-title\">\r\n\t\t\t<a href=\"https:\/\/www.sabrinacenergie.com\/index.php\/2025\/12\/30\/miroir-mon-beau-miroir\/\">MIROIR, MON BEAU MIROIR<\/a>\r\n\t\t<\/h2>\r\n\r\n\t\t\t\t\t<div class=\"bdp-post-meta\">\r\n\t\t\t\t\t\t\t\t\t<span class=\"bdp-post-meta-innr bdp-user-img\">Sabrina Corcoran<\/span>\r\n\t\t\t\t\t\t\t\t<span class=\"bdpp-post-meta-sep\">\/<\/span>\t\t\t\t\t\t\t\t\t<span class=\"bdp-post-meta-innr bdp-time\"> 30 d\u00e9cembre 2025 <\/span>\r\n\t\t\t\t\t\t\t\t\t\t\t\t\t\r\n\t\t\t<\/div>\r\n\t\t\t\t\t<div class=\"bdp-post-content\">\r\n\t\t\t\t<div class=\"bdp-post-short-content\">Tu l'as bien compris, dans cet exercice simple mais d'une puissance extraordinaire, je te propose de te munir d'un miroir....<\/div>\r\n\t\t\t\t\t\t\t\t\t<a href=\"https:\/\/www.sabrinacenergie.com\/index.php\/2025\/12\/30\/miroir-mon-beau-miroir\/\" class=\"bdp-readmorebtn\">Lire la suite<\/a>\r\n\t\t\t\t\t\t\t<\/div>\r\n\t\t\t<\/div>\r\n<\/div><div class=\"bdp-post-grid  bdp-medium-12 bdp-columns \">\t\t\r\n\t<div class=\"bdp-post-grid-content bdp-no-thumb-image\">\r\n\t\t\t\t<div class=\"bdp-post-categories\">\r\n\t\t\t<a href=\"https:\/\/www.sabrinacenergie.com\/index.php\/category\/activites\/atelier\/\">Atelier<\/a>\t\t<\/div>\r\n\t\t\r\n\t\t<h2 class=\"bdp-post-title\">\r\n\t\t\t<a href=\"https:\/\/www.sabrinacenergie.com\/index.php\/2022\/01\/13\/la-ronde-des-enfants\/\">La ronde des enfants<\/a>\r\n\t\t<\/h2>\r\n\r\n\t\t\t\t\t<div class=\"bdp-post-meta\">\r\n\t\t\t\t\t\t\t\t\t<span class=\"bdp-post-meta-innr bdp-user-img\">Sabrina Corcoran<\/span>\r\n\t\t\t\t\t\t\t\t<span class=\"bdpp-post-meta-sep\">\/<\/span>\t\t\t\t\t\t\t\t\t<span class=\"bdp-post-meta-innr bdp-time\"> 13 janvier 2022 <\/span>\r\n\t\t\t\t\t\t\t\t\t\t\t\t\t\r\n\t\t\t<\/div>\r\n\t\t\t\t\t<div class=\"bdp-post-content\">\r\n\t\t\t\t<div class=\"bdp-post-short-content\">Parce que les \u00e9motions des enfants sont fondamentales pour leur \u00e9panouissement, et que j'ai \u00e0 c\u0153ur d'accompagner vos enfants, j'anime...<\/div>\r\n\t\t\t\t\t\t\t\t\t<a href=\"https:\/\/www.sabrinacenergie.com\/index.php\/2022\/01\/13\/la-ronde-des-enfants\/\" class=\"bdp-readmorebtn\">Lire la suite<\/a>\r\n\t\t\t\t\t\t\t<\/div>\r\n\t\t\t<\/div>\r\n<\/div><div class=\"bdp-post-grid  bdp-medium-12 bdp-columns \">\t\t\r\n\t<div class=\"bdp-post-grid-content bdp-no-thumb-image\">\r\n\t\t\t\t<div class=\"bdp-post-categories\">\r\n\t\t\t<a href=\"https:\/\/www.sabrinacenergie.com\/index.php\/category\/activites\/atelier\/\">Atelier<\/a>\t\t<\/div>\r\n\t\t\r\n\t\t<h2 class=\"bdp-post-title\">\r\n\t\t\t<a href=\"https:\/\/www.sabrinacenergie.com\/index.php\/2021\/05\/12\/partage-de-la-semaine-video-la-vision-et-le-ressenti-des-enfants-vis-a-vis-de-leurs-parents\/\">Vid\u00e9o de la semaine: Peur de l&rsquo;inconnu?<\/a>\r\n\t\t<\/h2>\r\n\r\n\t\t\t\t\t<div class=\"bdp-post-meta\">\r\n\t\t\t\t\t\t\t\t\t<span class=\"bdp-post-meta-innr bdp-user-img\">Sabrina Corcoran<\/span>\r\n\t\t\t\t\t\t\t\t<span class=\"bdpp-post-meta-sep\">\/<\/span>\t\t\t\t\t\t\t\t\t<span class=\"bdp-post-meta-innr bdp-time\"> 12 mai 2021 <\/span>\r\n\t\t\t\t\t\t\t\t\t\t\t\t\t\r\n\t\t\t<\/div>\r\n\t\t\t\t\t<div class=\"bdp-post-content\">\r\n\t\t\t\t<div class=\"bdp-post-short-content\">La peur est souvent li\u00e9e \u00e0 ce que nous ne ma\u00eetrisons pas comme par exemple l'avenir.\u00a0\u00a0\u00a0Je vous propose de vous...<\/div>\r\n\t\t\t\t\t\t\t\t\t<a href=\"https:\/\/www.sabrinacenergie.com\/index.php\/2021\/05\/12\/partage-de-la-semaine-video-la-vision-et-le-ressenti-des-enfants-vis-a-vis-de-leurs-parents\/\" class=\"bdp-readmorebtn\">Lire la suite<\/a>\r\n\t\t\t\t\t\t\t<\/div>\r\n\t\t\t\t\t<div class=\"bdp-post-tags\"> <a href=\"https:\/\/www.sabrinacenergie.com\/index.php\/tag\/video\/\" rel=\"tag\">Video<\/a><\/div>\r\n\t\t\t<\/div>\r\n<\/div><div class=\"bdp-post-grid  bdp-medium-12 bdp-columns \">\t\t\r\n\t<div class=\"bdp-post-grid-content \">\r\n\t\t\t\t<div class=\"bdp-post-image-bg\">\r\n\t\t\t<a href=\"https:\/\/www.sabrinacenergie.com\/index.php\/2021\/04\/18\/atelier-le-cercle-des-femmes\/\">\r\n\t\t\t\t<img src=\"https:\/\/www.sabrinacenergie.com\/wp-content\/uploads\/2021\/04\/CERCLE-ENERGIE-FEMME-VERT-1-724x1024.jpg\" alt=\"Atelier \u00ab\u00a0Le cercle des femmes\u00a0\u00bb\" \/>\r\n\t\t\t<\/a>\r\n\t\t<\/div>\r\n\t\t\t\t<div class=\"bdp-post-categories\">\r\n\t\t\t<a href=\"https:\/\/www.sabrinacenergie.com\/index.php\/category\/activites\/atelier\/\">Atelier<\/a>\t\t<\/div>\r\n\t\t\r\n\t\t<h2 class=\"bdp-post-title\">\r\n\t\t\t<a href=\"https:\/\/www.sabrinacenergie.com\/index.php\/2021\/04\/18\/atelier-le-cercle-des-femmes\/\">Atelier \u00ab\u00a0Le cercle des femmes\u00a0\u00bb<\/a>\r\n\t\t<\/h2>\r\n\r\n\t\t\t\t\t<div class=\"bdp-post-meta\">\r\n\t\t\t\t\t\t\t\t\t<span class=\"bdp-post-meta-innr bdp-user-img\">Sabrina Corcoran<\/span>\r\n\t\t\t\t\t\t\t\t<span class=\"bdpp-post-meta-sep\">\/<\/span>\t\t\t\t\t\t\t\t\t<span class=\"bdp-post-meta-innr bdp-time\"> 18 avril 2021 <\/span>\r\n\t\t\t\t\t\t\t\t\t\t\t\t\t\r\n\t\t\t<\/div>\r\n\t\t\t\t\t<div class=\"bdp-post-content\">\r\n\t\t\t\t<div class=\"bdp-post-short-content\">Un temps pour se reconnecter avec soi-m\u00eame, se retrouver, se ressourcer. Un moment de partage entre femmes ou l'on prend...<\/div>\r\n\t\t\t\t\t\t\t\t\t<a href=\"https:\/\/www.sabrinacenergie.com\/index.php\/2021\/04\/18\/atelier-le-cercle-des-femmes\/\" class=\"bdp-readmorebtn\">Lire la suite<\/a>\r\n\t\t\t\t\t\t\t<\/div>\r\n\t\t\t<\/div>\r\n<\/div><div class=\"bdp-post-grid  bdp-medium-12 bdp-columns \">\t\t\r\n\t<div class=\"bdp-post-grid-content \">\r\n\t\t\t\t<div class=\"bdp-post-image-bg\">\r\n\t\t\t<a href=\"https:\/\/www.sabrinacenergie.com\/index.php\/2020\/12\/26\/partage-de-la-semaine-ca-brille-c-energie\/\">\r\n\t\t\t\t<img src=\"https:\/\/www.sabrinacenergie.com\/wp-content\/uploads\/2020\/12\/Sabrinacenergie2-1.png\" alt=\"Partage de la semaine: \u00c7a brille C Energie\" \/>\r\n\t\t\t<\/a>\r\n\t\t<\/div>\r\n\t\t\t\t<div class=\"bdp-post-categories\">\r\n\t\t\t<a href=\"https:\/\/www.sabrinacenergie.com\/index.php\/category\/partage\/\">Partage<\/a>\t\t<\/div>\r\n\t\t\r\n\t\t<h2 class=\"bdp-post-title\">\r\n\t\t\t<a href=\"https:\/\/www.sabrinacenergie.com\/index.php\/2020\/12\/26\/partage-de-la-semaine-ca-brille-c-energie\/\">Partage de la semaine: \u00c7a brille C Energie<\/a>\r\n\t\t<\/h2>\r\n\r\n\t\t\t\t\t<div class=\"bdp-post-meta\">\r\n\t\t\t\t\t\t\t\t\t<span class=\"bdp-post-meta-innr bdp-user-img\">admin1904<\/span>\r\n\t\t\t\t\t\t\t\t<span class=\"bdpp-post-meta-sep\">\/<\/span>\t\t\t\t\t\t\t\t\t<span class=\"bdp-post-meta-innr bdp-time\"> 26 d\u00e9cembre 2020 <\/span>\r\n\t\t\t\t\t\t\t\t\t\t\t\t\t\r\n\t\t\t<\/div>\r\n\t\t\t\t\t<div class=\"bdp-post-content\">\r\n\t\t\t\t<div class=\"bdp-post-short-content\">Pourquoi est-ce essentiel de dire \"je m'aime\"? Il s'agit de recevoir le seul amour qui nourrira profond\u00e9ment mon \u00eatre profond.&nbsp;...<\/div>\r\n\t\t\t\t\t\t\t\t\t<a href=\"https:\/\/www.sabrinacenergie.com\/index.php\/2020\/12\/26\/partage-de-la-semaine-ca-brille-c-energie\/\" class=\"bdp-readmorebtn\">Lire la suite<\/a>\r\n\t\t\t\t\t\t\t<\/div>\r\n\t\t\t<\/div>\r\n<\/div>\t\t<\/div>\r\n\r\n\t\t\t\t\t<div class=\"bdp-post-pagination bdp-clearfix\">\r\n\t\t\t\t<span aria-current=\"page\" class=\"page-numbers current\">1<\/span>\n<a class=\"page-numbers\" href=\"https:\/\/www.sabrinacenergie.com\/index.php\/wp-json\/wp\/v2\/pages\/44\/page\/2\/\">2<\/a>\n<a class=\"next page-numbers\" href=\"https:\/\/www.sabrinacenergie.com\/index.php\/wp-json\/wp\/v2\/pages\/44\/page\/2\/\">Suivante \u00bb &raquo;<\/a>\t\t\t<\/div>\r\n\t\t\n","protected":false},"excerpt":{"rendered":"","protected":false},"author":1,"featured_media":7,"parent":0,"menu_order":0,"comment_status":"closed","ping_status":"closed","template":"","meta":[],"yoast_head":"<!-- This site is optimized with the Yoast SEO plugin v15.9 - https:\/\/yoast.com\/wordpress\/plugins\/seo\/ -->\n<title>Blog - Sabrina Cenergie<\/title>\n<meta name=\"robots\" content=\"index, follow, max-snippet:-1, max-image-preview:large, max-video-preview:-1\" \/>\n<link rel=\"canonical\" href=\"https:\/\/www.sabrinacenergie.com\/index.php\/blog\/\" \/>\n<meta property=\"og:locale\" content=\"fr_FR\" \/>\n<meta property=\"og:type\" content=\"article\" \/>\n<meta property=\"og:title\" content=\"Blog - Sabrina Cenergie\" \/>\n<meta property=\"og:url\" content=\"https:\/\/www.sabrinacenergie.com\/index.php\/blog\/\" \/>\n<meta property=\"og:site_name\" content=\"Sabrina Cenergie\" \/>\n<meta property=\"article:modified_time\" content=\"2020-12-26T17:44:49+00:00\" \/>\n<meta property=\"og:image\" content=\"https:\/\/www.sabrinacenergie.com\/wp-content\/uploads\/2020\/12\/cropped-Sabrina-Magnetiseuse.jpg\" \/>\n\t<meta property=\"og:image:width\" content=\"512\" \/>\n\t<meta property=\"og:image:height\" content=\"512\" \/>\n<meta name=\"twitter:card\" content=\"summary_large_image\" \/>\n<script type=\"application\/ld+json\" class=\"yoast-schema-graph\">{\"@context\":\"https:\/\/schema.org\",\"@graph\":[{\"@type\":\"WebSite\",\"@id\":\"https:\/\/www.sabrinacenergie.com\/#website\",\"url\":\"https:\/\/www.sabrinacenergie.com\/\",\"name\":\"Sabrina Cenergie\",\"description\":\"UNE SYNERGIE AU  SERVICE DE VOTRE SANT\\u00c9\",\"potentialAction\":[{\"@type\":\"SearchAction\",\"target\":\"https:\/\/www.sabrinacenergie.com\/?s={search_term_string}\",\"query-input\":\"required name=search_term_string\"}],\"inLanguage\":\"fr-FR\"},{\"@type\":\"ImageObject\",\"@id\":\"https:\/\/www.sabrinacenergie.com\/index.php\/blog\/#primaryimage\",\"inLanguage\":\"fr-FR\",\"url\":\"https:\/\/www.sabrinacenergie.com\/wp-content\/uploads\/2020\/12\/cropped-Sabrina-Magnetiseuse.jpg\",\"width\":512,\"height\":512},{\"@type\":\"WebPage\",\"@id\":\"https:\/\/www.sabrinacenergie.com\/index.php\/blog\/#webpage\",\"url\":\"https:\/\/www.sabrinacenergie.com\/index.php\/blog\/\",\"name\":\"Blog - Sabrina Cenergie\",\"isPartOf\":{\"@id\":\"https:\/\/www.sabrinacenergie.com\/#website\"},\"primaryImageOfPage\":{\"@id\":\"https:\/\/www.sabrinacenergie.com\/index.php\/blog\/#primaryimage\"},\"datePublished\":\"2020-12-26T16:40:54+00:00\",\"dateModified\":\"2020-12-26T17:44:49+00:00\",\"breadcrumb\":{\"@id\":\"https:\/\/www.sabrinacenergie.com\/index.php\/blog\/#breadcrumb\"},\"inLanguage\":\"fr-FR\",\"potentialAction\":[{\"@type\":\"ReadAction\",\"target\":[\"https:\/\/www.sabrinacenergie.com\/index.php\/blog\/\"]}]},{\"@type\":\"BreadcrumbList\",\"@id\":\"https:\/\/www.sabrinacenergie.com\/index.php\/blog\/#breadcrumb\",\"itemListElement\":[{\"@type\":\"ListItem\",\"position\":1,\"item\":{\"@type\":\"WebPage\",\"@id\":\"https:\/\/www.sabrinacenergie.com\/\",\"url\":\"https:\/\/www.sabrinacenergie.com\/\",\"name\":\"Accueil\"}},{\"@type\":\"ListItem\",\"position\":2,\"item\":{\"@type\":\"WebPage\",\"@id\":\"https:\/\/www.sabrinacenergie.com\/index.php\/blog\/\",\"url\":\"https:\/\/www.sabrinacenergie.com\/index.php\/blog\/\",\"name\":\"Blog\"}}]}]}<\/script>\n<!-- \/ Yoast SEO plugin. -->","_links":{"self":[{"href":"https:\/\/www.sabrinacenergie.com\/index.php\/wp-json\/wp\/v2\/pages\/44"}],"collection":[{"href":"https:\/\/www.sabrinacenergie.com\/index.php\/wp-json\/wp\/v2\/pages"}],"about":[{"href":"https:\/\/www.sabrinacenergie.com\/index.php\/wp-json\/wp\/v2\/types\/page"}],"author":[{"embeddable":true,"href":"https:\/\/www.sabrinacenergie.com\/index.php\/wp-json\/wp\/v2\/users\/1"}],"replies":[{"embeddable":true,"href":"https:\/\/www.sabrinacenergie.com\/index.php\/wp-json\/wp\/v2\/comments?post=44"}],"version-history":[{"count":2,"href":"https:\/\/www.sabrinacenergie.com\/index.php\/wp-json\/wp\/v2\/pages\/44\/revisions"}],"predecessor-version":[{"id":74,"href":"https:\/\/www.sabrinacenergie.com\/index.php\/wp-json\/wp\/v2\/pages\/44\/revisions\/74"}],"wp:featuredmedia":[{"embeddable":true,"href":"https:\/\/www.sabrinacenergie.com\/index.php\/wp-json\/wp\/v2\/media\/7"}],"wp:attachment":[{"href":"https:\/\/www.sabrinacenergie.com\/index.php\/wp-json\/wp\/v2\/media?parent=44"}],"curies":[{"name":"wp","href":"https:\/\/api.w.org\/{rel}","templated":true}]}}