{"id":319,"date":"2021-02-16T18:19:11","date_gmt":"2021-02-16T17:19:11","guid":{"rendered":"http:\/\/www.sabrinacenergie.com\/?page_id=319"},"modified":"2021-02-16T18:32:13","modified_gmt":"2021-02-16T17:32:13","slug":"galerie-photos","status":"publish","type":"page","link":"https:\/\/www.sabrinacenergie.com\/index.php\/galerie-photos\/","title":{"rendered":"Galerie Photos"},"content":{"rendered":"\t\t<div data-elementor-type=\"wp-page\" data-elementor-id=\"319\" class=\"elementor elementor-319\" data-elementor-settings=\"[]\">\n\t\t\t\t\t\t<div class=\"elementor-inner\">\n\t\t\t\t\t\t\t<div class=\"elementor-section-wrap\">\n\t\t\t\t\t\t\t<section class=\"elementor-section elementor-top-section elementor-element elementor-element-319955d0 elementor-section-boxed elementor-section-height-default elementor-section-height-default\" data-id=\"319955d0\" data-element_type=\"section\">\n\t\t\t\t\t\t<div class=\"elementor-container elementor-column-gap-default\">\n\t\t\t\t\t\t\t<div class=\"elementor-row\">\n\t\t\t\t\t<div class=\"elementor-column elementor-col-100 elementor-top-column elementor-element elementor-element-776f39c8\" data-id=\"776f39c8\" data-element_type=\"column\">\n\t\t\t<div class=\"elementor-column-wrap elementor-element-populated\">\n\t\t\t\t\t\t\t<div class=\"elementor-widget-wrap\">\n\t\t\t\t\t\t<div class=\"elementor-element elementor-element-2144cc2a elementor-widget elementor-widget-text-editor\" data-id=\"2144cc2a\" data-element_type=\"widget\" data-widget_type=\"text-editor.default\">\n\t\t\t\t<div class=\"elementor-widget-container\">\n\t\t\t\t\t<div class=\"elementor-text-editor elementor-clearfix\"><!-- wp:paragraph -->\n<p>Il est important de se sentir a l&rsquo;aise et cela commence par \u00eatre confortablement accueilli(e) et install\u00e9(e) lorsque vous venez pour une consultation a mon cabinet.<\/p>\n<!-- \/wp:paragraph -->\n\n<!-- wp:paragraph -->\n<p>Je vous laisse le soin de d\u00e9couvrir et de vous impr\u00e9gner de mon espace de travail que je partagerai avec vous le temps d&rsquo;une s\u00e9ance.<\/p>\n<!-- \/wp:paragraph -->\n\n<!-- wp:paragraph -->\n<p>Laissez-vous transporter dans ce lieu que je veux convivial, rassurant, apaisant, afin de vous mettre dans les meilleures conditions possibles pour vous sentir comme chez vous ou dans un lieu qui vous est familier et dans lequel vous vous sentez bien.<\/p>\n<!-- \/wp:paragraph --><\/div>\n\t\t\t\t<\/div>\n\t\t\t\t<\/div>\n\t\t\t\t\t\t<\/div>\n\t\t\t\t\t<\/div>\n\t\t<\/div>\n\t\t\t\t\t\t\t\t<\/div>\n\t\t\t\t\t<\/div>\n\t\t<\/section>\n\t\t\t\t<section class=\"elementor-section elementor-top-section elementor-element elementor-element-c9b7772 elementor-section-boxed elementor-section-height-default elementor-section-height-default\" data-id=\"c9b7772\" data-element_type=\"section\">\n\t\t\t\t\t\t<div class=\"elementor-container elementor-column-gap-default\">\n\t\t\t\t\t\t\t<div class=\"elementor-row\">\n\t\t\t\t\t<div class=\"elementor-column elementor-col-100 elementor-top-column elementor-element elementor-element-7eb30d7\" data-id=\"7eb30d7\" data-element_type=\"column\">\n\t\t\t<div class=\"elementor-column-wrap elementor-element-populated\">\n\t\t\t\t\t\t\t<div class=\"elementor-widget-wrap\">\n\t\t\t\t\t\t<div class=\"elementor-element elementor-element-74e13f8 elementor-widget elementor-widget-image\" data-id=\"74e13f8\" data-element_type=\"widget\" data-widget_type=\"image.default\">\n\t\t\t\t<div class=\"elementor-widget-container\">\n\t\t\t\t\t<div class=\"elementor-image\">\n\t\t\t\t\t\t\t\t\t\t<img width=\"768\" height=\"512\" src=\"https:\/\/www.sabrinacenergie.com\/wp-content\/uploads\/2021\/02\/Photo_3-768x512.jpg\" class=\"attachment-medium_large size-medium_large\" alt=\"\" decoding=\"async\" loading=\"lazy\" srcset=\"https:\/\/www.sabrinacenergie.com\/wp-content\/uploads\/2021\/02\/Photo_3-768x512.jpg 768w, https:\/\/www.sabrinacenergie.com\/wp-content\/uploads\/2021\/02\/Photo_3-300x200.jpg 300w, https:\/\/www.sabrinacenergie.com\/wp-content\/uploads\/2021\/02\/Photo_3-1024x683.jpg 1024w, https:\/\/www.sabrinacenergie.com\/wp-content\/uploads\/2021\/02\/Photo_3-90x60.jpg 90w, https:\/\/www.sabrinacenergie.com\/wp-content\/uploads\/2021\/02\/Photo_3.jpg 1296w\" sizes=\"(max-width: 768px) 100vw, 768px\" \/>\t\t\t\t\t\t\t\t\t\t\t<\/div>\n\t\t\t\t<\/div>\n\t\t\t\t<\/div>\n\t\t\t\t\t\t<\/div>\n\t\t\t\t\t<\/div>\n\t\t<\/div>\n\t\t\t\t\t\t\t\t<\/div>\n\t\t\t\t\t<\/div>\n\t\t<\/section>\n\t\t\t\t<section class=\"elementor-section elementor-top-section elementor-element elementor-element-4f59d64 elementor-section-boxed elementor-section-height-default elementor-section-height-default\" data-id=\"4f59d64\" data-element_type=\"section\">\n\t\t\t\t\t\t<div class=\"elementor-container elementor-column-gap-default\">\n\t\t\t\t\t\t\t<div class=\"elementor-row\">\n\t\t\t\t\t<div class=\"elementor-column elementor-col-100 elementor-top-column elementor-element elementor-element-53350b4\" data-id=\"53350b4\" data-element_type=\"column\">\n\t\t\t<div class=\"elementor-column-wrap elementor-element-populated\">\n\t\t\t\t\t\t\t<div class=\"elementor-widget-wrap\">\n\t\t\t\t\t\t<div class=\"elementor-element elementor-element-dad9e58 elementor-widget elementor-widget-image\" data-id=\"dad9e58\" data-element_type=\"widget\" data-widget_type=\"image.default\">\n\t\t\t\t<div class=\"elementor-widget-container\">\n\t\t\t\t\t<div class=\"elementor-image\">\n\t\t\t\t\t\t\t\t\t\t<img width=\"768\" height=\"512\" src=\"https:\/\/www.sabrinacenergie.com\/wp-content\/uploads\/2021\/02\/Photo_5-768x512.jpg\" class=\"attachment-medium_large size-medium_large\" alt=\"\" decoding=\"async\" loading=\"lazy\" srcset=\"https:\/\/www.sabrinacenergie.com\/wp-content\/uploads\/2021\/02\/Photo_5-768x512.jpg 768w, https:\/\/www.sabrinacenergie.com\/wp-content\/uploads\/2021\/02\/Photo_5-300x200.jpg 300w, https:\/\/www.sabrinacenergie.com\/wp-content\/uploads\/2021\/02\/Photo_5-1024x683.jpg 1024w, https:\/\/www.sabrinacenergie.com\/wp-content\/uploads\/2021\/02\/Photo_5-90x60.jpg 90w, https:\/\/www.sabrinacenergie.com\/wp-content\/uploads\/2021\/02\/Photo_5.jpg 1296w\" sizes=\"(max-width: 768px) 100vw, 768px\" \/>\t\t\t\t\t\t\t\t\t\t\t<\/div>\n\t\t\t\t<\/div>\n\t\t\t\t<\/div>\n\t\t\t\t\t\t<\/div>\n\t\t\t\t\t<\/div>\n\t\t<\/div>\n\t\t\t\t\t\t\t\t<\/div>\n\t\t\t\t\t<\/div>\n\t\t<\/section>\n\t\t\t\t<section class=\"elementor-section elementor-top-section elementor-element elementor-element-5552ef1 elementor-section-boxed elementor-section-height-default elementor-section-height-default\" data-id=\"5552ef1\" data-element_type=\"section\">\n\t\t\t\t\t\t<div class=\"elementor-container elementor-column-gap-default\">\n\t\t\t\t\t\t\t<div class=\"elementor-row\">\n\t\t\t\t\t<div class=\"elementor-column elementor-col-100 elementor-top-column elementor-element elementor-element-b0b43eb\" data-id=\"b0b43eb\" data-element_type=\"column\">\n\t\t\t<div class=\"elementor-column-wrap elementor-element-populated\">\n\t\t\t\t\t\t\t<div class=\"elementor-widget-wrap\">\n\t\t\t\t\t\t<div class=\"elementor-element elementor-element-6742e50 elementor-widget elementor-widget-image\" data-id=\"6742e50\" data-element_type=\"widget\" data-widget_type=\"image.default\">\n\t\t\t\t<div class=\"elementor-widget-container\">\n\t\t\t\t\t<div class=\"elementor-image\">\n\t\t\t\t\t\t\t\t\t\t<img width=\"768\" height=\"512\" src=\"https:\/\/www.sabrinacenergie.com\/wp-content\/uploads\/2021\/02\/Photo_4-768x512.jpg\" class=\"attachment-medium_large size-medium_large\" alt=\"\" decoding=\"async\" loading=\"lazy\" srcset=\"https:\/\/www.sabrinacenergie.com\/wp-content\/uploads\/2021\/02\/Photo_4-768x512.jpg 768w, https:\/\/www.sabrinacenergie.com\/wp-content\/uploads\/2021\/02\/Photo_4-1024x683.jpg 1024w, https:\/\/www.sabrinacenergie.com\/wp-content\/uploads\/2021\/02\/Photo_4-e1622124431518-346x230.jpg 346w\" sizes=\"(max-width: 768px) 100vw, 768px\" \/>\t\t\t\t\t\t\t\t\t\t\t<\/div>\n\t\t\t\t<\/div>\n\t\t\t\t<\/div>\n\t\t\t\t\t\t<\/div>\n\t\t\t\t\t<\/div>\n\t\t<\/div>\n\t\t\t\t\t\t\t\t<\/div>\n\t\t\t\t\t<\/div>\n\t\t<\/section>\n\t\t\t\t<section class=\"elementor-section elementor-top-section elementor-element elementor-element-e895d7d elementor-section-boxed elementor-section-height-default elementor-section-height-default\" data-id=\"e895d7d\" data-element_type=\"section\">\n\t\t\t\t\t\t<div class=\"elementor-container elementor-column-gap-default\">\n\t\t\t\t\t\t\t<div class=\"elementor-row\">\n\t\t\t\t\t<div class=\"elementor-column elementor-col-100 elementor-top-column elementor-element elementor-element-2fff78c\" data-id=\"2fff78c\" data-element_type=\"column\">\n\t\t\t<div class=\"elementor-column-wrap elementor-element-populated\">\n\t\t\t\t\t\t\t<div class=\"elementor-widget-wrap\">\n\t\t\t\t\t\t<div class=\"elementor-element elementor-element-7cdac97 elementor-widget elementor-widget-image\" data-id=\"7cdac97\" data-element_type=\"widget\" data-widget_type=\"image.default\">\n\t\t\t\t<div class=\"elementor-widget-container\">\n\t\t\t\t\t<div class=\"elementor-image\">\n\t\t\t\t\t\t\t\t\t\t<img width=\"683\" height=\"1024\" src=\"https:\/\/www.sabrinacenergie.com\/wp-content\/uploads\/2021\/02\/Photo_1-683x1024.jpg\" class=\"attachment-large size-large\" alt=\"\" decoding=\"async\" loading=\"lazy\" srcset=\"https:\/\/www.sabrinacenergie.com\/wp-content\/uploads\/2021\/02\/Photo_1-683x1024.jpg 683w, https:\/\/www.sabrinacenergie.com\/wp-content\/uploads\/2021\/02\/Photo_1-200x300.jpg 200w, https:\/\/www.sabrinacenergie.com\/wp-content\/uploads\/2021\/02\/Photo_1-768x1152.jpg 768w, https:\/\/www.sabrinacenergie.com\/wp-content\/uploads\/2021\/02\/Photo_1-40x60.jpg 40w, https:\/\/www.sabrinacenergie.com\/wp-content\/uploads\/2021\/02\/Photo_1.jpg 864w\" sizes=\"(max-width: 683px) 100vw, 683px\" \/>\t\t\t\t\t\t\t\t\t\t\t<\/div>\n\t\t\t\t<\/div>\n\t\t\t\t<\/div>\n\t\t\t\t\t\t<\/div>\n\t\t\t\t\t<\/div>\n\t\t<\/div>\n\t\t\t\t\t\t\t\t<\/div>\n\t\t\t\t\t<\/div>\n\t\t<\/section>\n\t\t\t\t<section class=\"elementor-section elementor-top-section elementor-element elementor-element-ad270cc elementor-section-boxed elementor-section-height-default elementor-section-height-default\" data-id=\"ad270cc\" data-element_type=\"section\">\n\t\t\t\t\t\t<div class=\"elementor-container elementor-column-gap-default\">\n\t\t\t\t\t\t\t<div class=\"elementor-row\">\n\t\t\t\t\t<div class=\"elementor-column elementor-col-100 elementor-top-column elementor-element elementor-element-bed5956\" data-id=\"bed5956\" data-element_type=\"column\">\n\t\t\t<div class=\"elementor-column-wrap elementor-element-populated\">\n\t\t\t\t\t\t\t<div class=\"elementor-widget-wrap\">\n\t\t\t\t\t\t<div class=\"elementor-element elementor-element-f3572d0 elementor-widget elementor-widget-image\" data-id=\"f3572d0\" data-element_type=\"widget\" data-widget_type=\"image.default\">\n\t\t\t\t<div class=\"elementor-widget-container\">\n\t\t\t\t\t<div class=\"elementor-image\">\n\t\t\t\t\t\t\t\t\t\t<img width=\"768\" height=\"512\" src=\"https:\/\/www.sabrinacenergie.com\/wp-content\/uploads\/2021\/02\/Photo_2-768x512.jpg\" class=\"attachment-medium_large size-medium_large\" alt=\"\" decoding=\"async\" loading=\"lazy\" srcset=\"https:\/\/www.sabrinacenergie.com\/wp-content\/uploads\/2021\/02\/Photo_2-768x512.jpg 768w, https:\/\/www.sabrinacenergie.com\/wp-content\/uploads\/2021\/02\/Photo_2-300x200.jpg 300w, https:\/\/www.sabrinacenergie.com\/wp-content\/uploads\/2021\/02\/Photo_2-1024x683.jpg 1024w, https:\/\/www.sabrinacenergie.com\/wp-content\/uploads\/2021\/02\/Photo_2-90x60.jpg 90w, https:\/\/www.sabrinacenergie.com\/wp-content\/uploads\/2021\/02\/Photo_2.jpg 1296w\" sizes=\"(max-width: 768px) 100vw, 768px\" \/>\t\t\t\t\t\t\t\t\t\t\t<\/div>\n\t\t\t\t<\/div>\n\t\t\t\t<\/div>\n\t\t\t\t\t\t<\/div>\n\t\t\t\t\t<\/div>\n\t\t<\/div>\n\t\t\t\t\t\t\t\t<\/div>\n\t\t\t\t\t<\/div>\n\t\t<\/section>\n\t\t\t\t\t\t<\/div>\n\t\t\t\t\t\t<\/div>\n\t\t\t\t\t<\/div>\n\t\t","protected":false},"excerpt":{"rendered":"<p>Il est important de se sentir a l&rsquo;aise et cela commence par \u00eatre confortablement accueilli(e) et install\u00e9(e) lorsque vous venez pour une consultation a mon cabinet. Je vous laisse le soin de d\u00e9couvrir et de vous impr\u00e9gner de mon espace de travail que je partagerai avec vous le temps d&rsquo;une s\u00e9ance. Laissez-vous transporter dans ce &hellip; <\/p>\n","protected":false},"author":4,"featured_media":0,"parent":0,"menu_order":0,"comment_status":"closed","ping_status":"closed","template":"","meta":[],"yoast_head":"<!-- This site is optimized with the Yoast SEO plugin v15.9 - https:\/\/yoast.com\/wordpress\/plugins\/seo\/ -->\n<title>Galerie Photos - Sabrina Cenergie<\/title>\n<meta name=\"robots\" content=\"index, follow, max-snippet:-1, max-image-preview:large, max-video-preview:-1\" \/>\n<link rel=\"canonical\" href=\"https:\/\/www.sabrinacenergie.com\/index.php\/galerie-photos\/\" \/>\n<meta property=\"og:locale\" content=\"fr_FR\" \/>\n<meta property=\"og:type\" content=\"article\" \/>\n<meta property=\"og:title\" content=\"Galerie Photos - Sabrina Cenergie\" \/>\n<meta property=\"og:description\" content=\"Il est important de se sentir a l&rsquo;aise et cela commence par \u00eatre confortablement accueilli(e) et install\u00e9(e) lorsque vous venez pour une consultation a mon cabinet. Je vous laisse le soin de d\u00e9couvrir et de vous impr\u00e9gner de mon espace de travail que je partagerai avec vous le temps d&rsquo;une s\u00e9ance. Laissez-vous transporter dans ce &hellip;\" \/>\n<meta property=\"og:url\" content=\"https:\/\/www.sabrinacenergie.com\/index.php\/galerie-photos\/\" \/>\n<meta property=\"og:site_name\" content=\"Sabrina Cenergie\" \/>\n<meta property=\"article:modified_time\" content=\"2021-02-16T17:32:13+00:00\" \/>\n<meta property=\"og:image\" content=\"http:\/\/www.sabrinacenergie.com\/wp-content\/uploads\/2021\/02\/Photo_3-768x512.jpg\" \/>\n<meta name=\"twitter:card\" content=\"summary_large_image\" \/>\n<meta name=\"twitter:label1\" content=\"Dur\u00e9e de lecture est.\">\n\t<meta name=\"twitter:data1\" content=\"2 minutes\">\n<script type=\"application\/ld+json\" class=\"yoast-schema-graph\">{\"@context\":\"https:\/\/schema.org\",\"@graph\":[{\"@type\":\"WebSite\",\"@id\":\"https:\/\/www.sabrinacenergie.com\/#website\",\"url\":\"https:\/\/www.sabrinacenergie.com\/\",\"name\":\"Sabrina Cenergie\",\"description\":\"UNE SYNERGIE AU  SERVICE DE VOTRE SANT\\u00c9\",\"potentialAction\":[{\"@type\":\"SearchAction\",\"target\":\"https:\/\/www.sabrinacenergie.com\/?s={search_term_string}\",\"query-input\":\"required name=search_term_string\"}],\"inLanguage\":\"fr-FR\"},{\"@type\":\"ImageObject\",\"@id\":\"https:\/\/www.sabrinacenergie.com\/index.php\/galerie-photos\/#primaryimage\",\"inLanguage\":\"fr-FR\",\"url\":\"http:\/\/www.sabrinacenergie.com\/wp-content\/uploads\/2021\/02\/Photo_3-768x512.jpg\"},{\"@type\":\"WebPage\",\"@id\":\"https:\/\/www.sabrinacenergie.com\/index.php\/galerie-photos\/#webpage\",\"url\":\"https:\/\/www.sabrinacenergie.com\/index.php\/galerie-photos\/\",\"name\":\"Galerie Photos - Sabrina Cenergie\",\"isPartOf\":{\"@id\":\"https:\/\/www.sabrinacenergie.com\/#website\"},\"primaryImageOfPage\":{\"@id\":\"https:\/\/www.sabrinacenergie.com\/index.php\/galerie-photos\/#primaryimage\"},\"datePublished\":\"2021-02-16T17:19:11+00:00\",\"dateModified\":\"2021-02-16T17:32:13+00:00\",\"breadcrumb\":{\"@id\":\"https:\/\/www.sabrinacenergie.com\/index.php\/galerie-photos\/#breadcrumb\"},\"inLanguage\":\"fr-FR\",\"potentialAction\":[{\"@type\":\"ReadAction\",\"target\":[\"https:\/\/www.sabrinacenergie.com\/index.php\/galerie-photos\/\"]}]},{\"@type\":\"BreadcrumbList\",\"@id\":\"https:\/\/www.sabrinacenergie.com\/index.php\/galerie-photos\/#breadcrumb\",\"itemListElement\":[{\"@type\":\"ListItem\",\"position\":1,\"item\":{\"@type\":\"WebPage\",\"@id\":\"https:\/\/www.sabrinacenergie.com\/\",\"url\":\"https:\/\/www.sabrinacenergie.com\/\",\"name\":\"Accueil\"}},{\"@type\":\"ListItem\",\"position\":2,\"item\":{\"@type\":\"WebPage\",\"@id\":\"https:\/\/www.sabrinacenergie.com\/index.php\/galerie-photos\/\",\"url\":\"https:\/\/www.sabrinacenergie.com\/index.php\/galerie-photos\/\",\"name\":\"Galerie Photos\"}}]}]}<\/script>\n<!-- \/ Yoast SEO plugin. -->","_links":{"self":[{"href":"https:\/\/www.sabrinacenergie.com\/index.php\/wp-json\/wp\/v2\/pages\/319"}],"collection":[{"href":"https:\/\/www.sabrinacenergie.com\/index.php\/wp-json\/wp\/v2\/pages"}],"about":[{"href":"https:\/\/www.sabrinacenergie.com\/index.php\/wp-json\/wp\/v2\/types\/page"}],"author":[{"embeddable":true,"href":"https:\/\/www.sabrinacenergie.com\/index.php\/wp-json\/wp\/v2\/users\/4"}],"replies":[{"embeddable":true,"href":"https:\/\/www.sabrinacenergie.com\/index.php\/wp-json\/wp\/v2\/comments?post=319"}],"version-history":[{"count":4,"href":"https:\/\/www.sabrinacenergie.com\/index.php\/wp-json\/wp\/v2\/pages\/319\/revisions"}],"predecessor-version":[{"id":330,"href":"https:\/\/www.sabrinacenergie.com\/index.php\/wp-json\/wp\/v2\/pages\/319\/revisions\/330"}],"wp:attachment":[{"href":"https:\/\/www.sabrinacenergie.com\/index.php\/wp-json\/wp\/v2\/media?parent=319"}],"curies":[{"name":"wp","href":"https:\/\/api.w.org\/{rel}","templated":true}]}}