{"id":179,"date":"2021-01-21T11:28:13","date_gmt":"2021-01-21T10:28:13","guid":{"rendered":"http:\/\/www.sabrinacenergie.com\/?page_id=179"},"modified":"2021-05-27T15:58:13","modified_gmt":"2021-05-27T13:58:13","slug":"cabinet-de-therapie-en-soins-energetiques-2","status":"publish","type":"page","link":"https:\/\/www.sabrinacenergie.com\/index.php\/cabinet-de-therapie-en-soins-energetiques-2\/","title":{"rendered":"Cabinet de th\u00e9rapie en soins \u00e9nerg\u00e9tiques"},"content":{"rendered":"<h1>T\u00e9moignages<\/h1>\n<p>V. Rousselot<br \/>\n<i>\ue934<\/i><i>\ue934<\/i><i>\ue934<\/i><i>\ue934<\/i><i>\ue934<\/i> 5\/5<\/p>\n<p><i>Premi\u00e8re consultation pour ce type de soin me concernant. Tr\u00e8s agr\u00e9ablement surpris par la s\u00e9ance. Sabrina est \u00e0 l&rsquo;\u00e9coute et est tr\u00e8s apaisante. Certaines douleurs mentales commencent m\u00eame \u00e0 s&rsquo;estomper d\u00e8s la fin de la s\u00e9ance. Assez surprenant et assez troublant d&rsquo;entendre Sabrina nous r\u00e9v\u00e9ler des \u00e9l\u00e9ments qu&rsquo;on a gard\u00e9 enfouit au fond de nous m\u00eame et qui peuvent expliquer beaucoup de choses aujourd&rsquo;hui&#8230; Tr\u00e8s chaleureuse et rassurante, Sabrina m&rsquo;a permit de faire un grand pas de + en avant concernant mes douleurs gr\u00e2ce \u00e0 cette s\u00e9ance. <\/i><i>Je recommande fortement !<\/i><\/p>\n<p><img decoding=\"async\" src=\"http:\/\/www.sabrinacenergie.com\/wp-content\/plugins\/elementor\/assets\/images\/placeholder.png\" title=\"\" alt=\"\"><br \/>\nAvis Google<br \/>\nle 01\/03\/2021<br \/>\nLamia Benz<br \/>\n<i>\ue934<\/i><i>\ue934<\/i><i>\ue934<\/i><i>\ue934<\/i><i>\ue934<\/i> 5\/5<br \/>\n<i style=\"color: rgb(84, 89, 95); font-family: &quot;Roboto Slab&quot;, sans-serif;\">Super consultation. Sabrina prends le temps qu&rsquo;il faut pour apaiser notre corps et notre esprit. On en ressort d\u00e9tendue. <\/i><br \/>\n<img decoding=\"async\" src=\"http:\/\/www.sabrinacenergie.com\/wp-content\/plugins\/elementor\/assets\/images\/placeholder.png\" title=\"\" alt=\"\"><br \/>\nAvis Google<br \/>\n&#8211; F\u00e9vrier 2021<br \/>\nlo ab<br \/>\n<i>\ue934<\/i><i>\ue934<\/i><i>\ue934<\/i><i>\ue934<\/i><i>\ue934<\/i> 5\/5<br \/>\n<i style=\"color: rgb(84, 89, 95); font-family: &quot;Roboto Slab&quot;, sans-serif;\">Une consultation topissime!!! J&rsquo;avais auparavant effectu\u00e9 des soins magn\u00e9tisme et j&rsquo;ai d\u00e9cider de venir faire un soin suite a une grosse fatigue et je me suis sentie vraiment beaucoup mieux dans la semaine \ud83d\ude42 Sabrina est une personne chaleureuse qui m&rsquo;a tout de suite mise a l&rsquo;aise et nous avons beaucoup \u00e9chang\u00e9e ensemble. Vraiment <\/i><i style=\"color: rgb(84, 89, 95); font-family: &quot;Roboto Slab&quot;, sans-serif;\">tr\u00e8s <\/i><i style=\"color: rgb(84, 89, 95); font-family: &quot;Roboto Slab&quot;, sans-serif;\">int\u00e9ressant, je recommande!!<\/i><\/p>\n<p style=\"margin-bottom: 0.0001pt; line-height: 13.5pt; background-image: initial; background-position: initial; background-size: initial; background-repeat: initial; background-attachment: initial; background-origin: initial; background-clip: initial;\">\n<p>\t\t\t\t\t\t\t<img decoding=\"async\" src=\"http:\/\/www.sabrinacenergie.com\/wp-content\/plugins\/elementor\/assets\/images\/placeholder.png\" title=\"\" alt=\"\"><br \/>\nAvis Google<br \/>\n&#8211; Janvier 2021<br \/>\nIr\u00e8ne Boronat<br \/>\n<i>\ue934<\/i><i>\ue934<\/i><i>\ue934<\/i><i>\ue934<\/i><i>\ue934<\/i> 5\/5<br \/>\n<i style=\"color: rgb(84, 89, 95); font-family: &quot;Roboto Slab&quot;, sans-serif;\">J&rsquo;ai eu la chance d\u2019\u00eatre une de ses premi<\/i><i style=\"color: rgb(84, 89, 95); font-family: &quot;Roboto Slab&quot;, sans-serif;\">\u00e8<\/i><i style=\"color: rgb(84, 89, 95); font-family: &quot;Roboto Slab&quot;, sans-serif;\">res patiente lors d&rsquo;une s\u00e9ance compl<\/i><i style=\"color: rgb(84, 89, 95); font-family: &quot;Roboto Slab&quot;, sans-serif;\">\u00e8<\/i><i style=\"color: rgb(84, 89, 95); font-family: &quot;Roboto Slab&quot;, sans-serif;\">tement improvis\u00e9e dans la chambre.C&rsquo;est sur chez Sabrina les \u00e9nergies circulent! Je suis heureuse de voir na\u00eetre aujourd&rsquo;hui un cabinet. <\/i><br \/>\n<i style=\"color: rgb(84, 89, 95); font-family: &quot;Roboto Slab&quot;, sans-serif;\">Je te souhaite de belles rencontres Sabrina!<\/i><br \/>\n<img decoding=\"async\" src=\"http:\/\/www.sabrinacenergie.com\/wp-content\/plugins\/elementor\/assets\/images\/placeholder.png\" title=\"\" alt=\"\"><br \/>\nAvis Google<br \/>\n&#8211; Avril 2019<\/p>\n","protected":false},"excerpt":{"rendered":"<p>T\u00e9moignages V. Rousselot \ue934\ue934\ue934\ue934\ue934 5\/5 Premi\u00e8re consultation pour ce type de soin me concernant. Tr\u00e8s agr\u00e9ablement surpris par la s\u00e9ance. Sabrina est \u00e0 l&rsquo;\u00e9coute et est tr\u00e8s apaisante. Certaines douleurs mentales commencent m\u00eame \u00e0 s&rsquo;estomper d\u00e8s la fin de la s\u00e9ance. Assez surprenant et assez troublant d&rsquo;entendre Sabrina nous r\u00e9v\u00e9ler des \u00e9l\u00e9ments qu&rsquo;on a gard\u00e9 &hellip; <\/p>\n","protected":false},"author":4,"featured_media":0,"parent":0,"menu_order":0,"comment_status":"closed","ping_status":"closed","template":"","meta":[],"yoast_head":"<!-- This site is optimized with the Yoast SEO plugin v15.9 - https:\/\/yoast.com\/wordpress\/plugins\/seo\/ -->\n<title>Cabinet de th\u00e9rapie en soins \u00e9nerg\u00e9tiques - Sabrina Cenergie<\/title>\n<meta name=\"robots\" content=\"index, follow, max-snippet:-1, max-image-preview:large, max-video-preview:-1\" \/>\n<link rel=\"canonical\" href=\"https:\/\/www.sabrinacenergie.com\/index.php\/cabinet-de-therapie-en-soins-energetiques-2\/\" \/>\n<meta property=\"og:locale\" content=\"fr_FR\" \/>\n<meta property=\"og:type\" content=\"article\" \/>\n<meta property=\"og:title\" content=\"Cabinet de th\u00e9rapie en soins \u00e9nerg\u00e9tiques - Sabrina Cenergie\" \/>\n<meta property=\"og:description\" content=\"T\u00e9moignages V. Rousselot \ue934\ue934\ue934\ue934\ue934 5\/5 Premi\u00e8re consultation pour ce type de soin me concernant. Tr\u00e8s agr\u00e9ablement surpris par la s\u00e9ance. Sabrina est \u00e0 l&rsquo;\u00e9coute et est tr\u00e8s apaisante. Certaines douleurs mentales commencent m\u00eame \u00e0 s&rsquo;estomper d\u00e8s la fin de la s\u00e9ance. Assez surprenant et assez troublant d&rsquo;entendre Sabrina nous r\u00e9v\u00e9ler des \u00e9l\u00e9ments qu&rsquo;on a gard\u00e9 &hellip;\" \/>\n<meta property=\"og:url\" content=\"https:\/\/www.sabrinacenergie.com\/index.php\/cabinet-de-therapie-en-soins-energetiques-2\/\" \/>\n<meta property=\"og:site_name\" content=\"Sabrina Cenergie\" \/>\n<meta property=\"article:modified_time\" content=\"2021-05-27T13:58:13+00:00\" \/>\n<meta property=\"og:image\" content=\"http:\/\/www.sabrinacenergie.com\/wp-content\/plugins\/elementor\/assets\/images\/placeholder.png\" \/>\n<meta name=\"twitter:card\" content=\"summary_large_image\" \/>\n<meta name=\"twitter:label1\" content=\"Dur\u00e9e de lecture est.\">\n\t<meta name=\"twitter:data1\" content=\"2 minutes\">\n<script type=\"application\/ld+json\" class=\"yoast-schema-graph\">{\"@context\":\"https:\/\/schema.org\",\"@graph\":[{\"@type\":\"WebSite\",\"@id\":\"https:\/\/www.sabrinacenergie.com\/#website\",\"url\":\"https:\/\/www.sabrinacenergie.com\/\",\"name\":\"Sabrina Cenergie\",\"description\":\"UNE SYNERGIE AU  SERVICE DE VOTRE SANT\\u00c9\",\"potentialAction\":[{\"@type\":\"SearchAction\",\"target\":\"https:\/\/www.sabrinacenergie.com\/?s={search_term_string}\",\"query-input\":\"required name=search_term_string\"}],\"inLanguage\":\"fr-FR\"},{\"@type\":\"ImageObject\",\"@id\":\"https:\/\/www.sabrinacenergie.com\/index.php\/cabinet-de-therapie-en-soins-energetiques-2\/#primaryimage\",\"inLanguage\":\"fr-FR\",\"url\":\"http:\/\/www.sabrinacenergie.com\/wp-content\/plugins\/elementor\/assets\/images\/placeholder.png\"},{\"@type\":\"WebPage\",\"@id\":\"https:\/\/www.sabrinacenergie.com\/index.php\/cabinet-de-therapie-en-soins-energetiques-2\/#webpage\",\"url\":\"https:\/\/www.sabrinacenergie.com\/index.php\/cabinet-de-therapie-en-soins-energetiques-2\/\",\"name\":\"Cabinet de th\\u00e9rapie en soins \\u00e9nerg\\u00e9tiques - Sabrina Cenergie\",\"isPartOf\":{\"@id\":\"https:\/\/www.sabrinacenergie.com\/#website\"},\"primaryImageOfPage\":{\"@id\":\"https:\/\/www.sabrinacenergie.com\/index.php\/cabinet-de-therapie-en-soins-energetiques-2\/#primaryimage\"},\"datePublished\":\"2021-01-21T10:28:13+00:00\",\"dateModified\":\"2021-05-27T13:58:13+00:00\",\"breadcrumb\":{\"@id\":\"https:\/\/www.sabrinacenergie.com\/index.php\/cabinet-de-therapie-en-soins-energetiques-2\/#breadcrumb\"},\"inLanguage\":\"fr-FR\",\"potentialAction\":[{\"@type\":\"ReadAction\",\"target\":[\"https:\/\/www.sabrinacenergie.com\/index.php\/cabinet-de-therapie-en-soins-energetiques-2\/\"]}]},{\"@type\":\"BreadcrumbList\",\"@id\":\"https:\/\/www.sabrinacenergie.com\/index.php\/cabinet-de-therapie-en-soins-energetiques-2\/#breadcrumb\",\"itemListElement\":[{\"@type\":\"ListItem\",\"position\":1,\"item\":{\"@type\":\"WebPage\",\"@id\":\"https:\/\/www.sabrinacenergie.com\/\",\"url\":\"https:\/\/www.sabrinacenergie.com\/\",\"name\":\"Accueil\"}},{\"@type\":\"ListItem\",\"position\":2,\"item\":{\"@type\":\"WebPage\",\"@id\":\"https:\/\/www.sabrinacenergie.com\/index.php\/cabinet-de-therapie-en-soins-energetiques-2\/\",\"url\":\"https:\/\/www.sabrinacenergie.com\/index.php\/cabinet-de-therapie-en-soins-energetiques-2\/\",\"name\":\"Cabinet de th\\u00e9rapie en soins \\u00e9nerg\\u00e9tiques\"}}]}]}<\/script>\n<!-- \/ Yoast SEO plugin. -->","_links":{"self":[{"href":"https:\/\/www.sabrinacenergie.com\/index.php\/wp-json\/wp\/v2\/pages\/179"}],"collection":[{"href":"https:\/\/www.sabrinacenergie.com\/index.php\/wp-json\/wp\/v2\/pages"}],"about":[{"href":"https:\/\/www.sabrinacenergie.com\/index.php\/wp-json\/wp\/v2\/types\/page"}],"author":[{"embeddable":true,"href":"https:\/\/www.sabrinacenergie.com\/index.php\/wp-json\/wp\/v2\/users\/4"}],"replies":[{"embeddable":true,"href":"https:\/\/www.sabrinacenergie.com\/index.php\/wp-json\/wp\/v2\/comments?post=179"}],"version-history":[{"count":29,"href":"https:\/\/www.sabrinacenergie.com\/index.php\/wp-json\/wp\/v2\/pages\/179\/revisions"}],"predecessor-version":[{"id":443,"href":"https:\/\/www.sabrinacenergie.com\/index.php\/wp-json\/wp\/v2\/pages\/179\/revisions\/443"}],"wp:attachment":[{"href":"https:\/\/www.sabrinacenergie.com\/index.php\/wp-json\/wp\/v2\/media?parent=179"}],"curies":[{"name":"wp","href":"https:\/\/api.w.org\/{rel}","templated":true}]}}